{"id":257,"date":"2024-10-16T15:51:43","date_gmt":"2024-10-16T13:51:43","guid":{"rendered":"https:\/\/photocentrum-berlin.de\/pk\/chaos-und-ordnung\/?page_id=257"},"modified":"2024-12-24T15:51:47","modified_gmt":"2024-12-24T14:51:47","slug":"steffi-pianka","status":"publish","type":"page","link":"https:\/\/photocentrum-berlin.de\/pk\/chaos-und-ordnung\/steffi-pianka\/","title":{"rendered":"Steffi Pianka"},"content":{"rendered":"\n<p class=\"has-medium-font-size\">Unter Wasser<br>Eine Trilogie in drei Akten<\/p>\n\n\n\n<p>Jahr f\u00fcr Jahr steht der Seerosenteich im Hauptakt seiner Auff\u00fchrung in voller Bl\u00fcte. Das Drehbuch f\u00fcr dieses Wunder schreiben die Naturgesetze. Alles l\u00e4uft nach Plan. Trotzdem gibt es Raum f\u00fcr das unvorhersehbare Chaos. Bei einem Blick unter die Wasseroberfl\u00e4che er\u00f6ffnen sich dem Betrachter bizarre, unbekannte Welten. Das noch Unperfekte pr\u00e4sentiert sich in seiner eigenen Sch\u00f6nheit. Es ist wie ein Vorspiel, bei dem erst noch entschieden wird, wer am Hauptakt teilnehmen m\u00f6chte oder lieber unter Wasser bleibt. Ich habe seit M\u00e4rz fast t\u00e4glich meinen Seerosenteich besucht<br>und den Versuch unternommen, diese verborgene, wunderbare Bilderwelt von Chaos zu Ordnung unter Wasser einzufangen. F\u00fcr mich eine wunderbare Entdeckung.<\/p>\n\n\n\n<figure class=\"wp-block-gallery has-nested-images columns-default is-cropped wp-block-gallery-1 is-layout-flex wp-block-gallery-is-layout-flex\">\n<figure class=\"wp-block-image size-large\"><a href=\"https:\/\/photocentrum-berlin.de\/pk\/chaos-und-ordnung\/wp-content\/uploads\/sites\/2\/2024\/11\/Akt-1-72-dpi-NEU-Tulpe-rosa-40x60-285-MB-IMG_4412-gigapixel-cgi-4x-2.jpg\"><img loading=\"lazy\" decoding=\"async\" width=\"683\" height=\"1024\" data-id=\"316\" src=\"https:\/\/photocentrum-berlin.de\/pk\/chaos-und-ordnung\/wp-content\/uploads\/sites\/2\/2024\/11\/Akt-1-72-dpi-NEU-Tulpe-rosa-40x60-285-MB-IMG_4412-gigapixel-cgi-4x-2-683x1024.jpg\" alt=\"\" class=\"wp-image-316\" srcset=\"https:\/\/photocentrum-berlin.de\/pk\/chaos-und-ordnung\/wp-content\/uploads\/sites\/2\/2024\/11\/Akt-1-72-dpi-NEU-Tulpe-rosa-40x60-285-MB-IMG_4412-gigapixel-cgi-4x-2-683x1024.jpg 683w, https:\/\/photocentrum-berlin.de\/pk\/chaos-und-ordnung\/wp-content\/uploads\/sites\/2\/2024\/11\/Akt-1-72-dpi-NEU-Tulpe-rosa-40x60-285-MB-IMG_4412-gigapixel-cgi-4x-2-200x300.jpg 200w, https:\/\/photocentrum-berlin.de\/pk\/chaos-und-ordnung\/wp-content\/uploads\/sites\/2\/2024\/11\/Akt-1-72-dpi-NEU-Tulpe-rosa-40x60-285-MB-IMG_4412-gigapixel-cgi-4x-2-768x1152.jpg 768w, https:\/\/photocentrum-berlin.de\/pk\/chaos-und-ordnung\/wp-content\/uploads\/sites\/2\/2024\/11\/Akt-1-72-dpi-NEU-Tulpe-rosa-40x60-285-MB-IMG_4412-gigapixel-cgi-4x-2-1024x1536.jpg 1024w, https:\/\/photocentrum-berlin.de\/pk\/chaos-und-ordnung\/wp-content\/uploads\/sites\/2\/2024\/11\/Akt-1-72-dpi-NEU-Tulpe-rosa-40x60-285-MB-IMG_4412-gigapixel-cgi-4x-2.jpg 1134w\" sizes=\"auto, (max-width: 683px) 100vw, 683px\" \/><\/a><\/figure>\n\n\n\n<figure class=\"wp-block-image size-large\"><a href=\"https:\/\/photocentrum-berlin.de\/pk\/chaos-und-ordnung\/wp-content\/uploads\/sites\/2\/2024\/12\/Akt-1-1-ENDE-Tulpe-Lila-IMG_4428-3-gigapixel-cgi-4x-2.jpg\"><img loading=\"lazy\" decoding=\"async\" width=\"683\" height=\"1024\" data-id=\"451\" src=\"https:\/\/photocentrum-berlin.de\/pk\/chaos-und-ordnung\/wp-content\/uploads\/sites\/2\/2024\/12\/Akt-1-1-ENDE-Tulpe-Lila-IMG_4428-3-gigapixel-cgi-4x-2-683x1024.jpg\" alt=\"\" class=\"wp-image-451\" srcset=\"https:\/\/photocentrum-berlin.de\/pk\/chaos-und-ordnung\/wp-content\/uploads\/sites\/2\/2024\/12\/Akt-1-1-ENDE-Tulpe-Lila-IMG_4428-3-gigapixel-cgi-4x-2-683x1024.jpg 683w, https:\/\/photocentrum-berlin.de\/pk\/chaos-und-ordnung\/wp-content\/uploads\/sites\/2\/2024\/12\/Akt-1-1-ENDE-Tulpe-Lila-IMG_4428-3-gigapixel-cgi-4x-2-200x300.jpg 200w, https:\/\/photocentrum-berlin.de\/pk\/chaos-und-ordnung\/wp-content\/uploads\/sites\/2\/2024\/12\/Akt-1-1-ENDE-Tulpe-Lila-IMG_4428-3-gigapixel-cgi-4x-2-768x1152.jpg 768w, https:\/\/photocentrum-berlin.de\/pk\/chaos-und-ordnung\/wp-content\/uploads\/sites\/2\/2024\/12\/Akt-1-1-ENDE-Tulpe-Lila-IMG_4428-3-gigapixel-cgi-4x-2-1024x1536.jpg 1024w, https:\/\/photocentrum-berlin.de\/pk\/chaos-und-ordnung\/wp-content\/uploads\/sites\/2\/2024\/12\/Akt-1-1-ENDE-Tulpe-Lila-IMG_4428-3-gigapixel-cgi-4x-2.jpg 1200w\" sizes=\"auto, (max-width: 683px) 100vw, 683px\" \/><\/a><\/figure>\n\n\n\n<figure class=\"wp-block-image size-large\"><a href=\"https:\/\/photocentrum-berlin.de\/pk\/chaos-und-ordnung\/wp-content\/uploads\/sites\/2\/2024\/12\/Akt-1-2-ENDE-Gruen-Schnecke-IMG_1692-gigapixel-cgi-4x.jpg\"><img loading=\"lazy\" decoding=\"async\" width=\"683\" height=\"1024\" data-id=\"450\" src=\"https:\/\/photocentrum-berlin.de\/pk\/chaos-und-ordnung\/wp-content\/uploads\/sites\/2\/2024\/12\/Akt-1-2-ENDE-Gruen-Schnecke-IMG_1692-gigapixel-cgi-4x-683x1024.jpg\" alt=\"\" class=\"wp-image-450\" srcset=\"https:\/\/photocentrum-berlin.de\/pk\/chaos-und-ordnung\/wp-content\/uploads\/sites\/2\/2024\/12\/Akt-1-2-ENDE-Gruen-Schnecke-IMG_1692-gigapixel-cgi-4x-683x1024.jpg 683w, https:\/\/photocentrum-berlin.de\/pk\/chaos-und-ordnung\/wp-content\/uploads\/sites\/2\/2024\/12\/Akt-1-2-ENDE-Gruen-Schnecke-IMG_1692-gigapixel-cgi-4x-200x300.jpg 200w, https:\/\/photocentrum-berlin.de\/pk\/chaos-und-ordnung\/wp-content\/uploads\/sites\/2\/2024\/12\/Akt-1-2-ENDE-Gruen-Schnecke-IMG_1692-gigapixel-cgi-4x-768x1152.jpg 768w, https:\/\/photocentrum-berlin.de\/pk\/chaos-und-ordnung\/wp-content\/uploads\/sites\/2\/2024\/12\/Akt-1-2-ENDE-Gruen-Schnecke-IMG_1692-gigapixel-cgi-4x-1024x1536.jpg 1024w, https:\/\/photocentrum-berlin.de\/pk\/chaos-und-ordnung\/wp-content\/uploads\/sites\/2\/2024\/12\/Akt-1-2-ENDE-Gruen-Schnecke-IMG_1692-gigapixel-cgi-4x.jpg 1200w\" sizes=\"auto, (max-width: 683px) 100vw, 683px\" \/><\/a><\/figure>\n\n\n\n<figure class=\"wp-block-image size-large\"><a href=\"https:\/\/photocentrum-berlin.de\/pk\/chaos-und-ordnung\/wp-content\/uploads\/sites\/2\/2024\/12\/Akt-2-1-ENDE-Red-1-DIN-A-1-60x90-803-MB-IMG_5046-gigapixel-low-resolution-v2-6x-Kopie-Wiederhergestellt.jpg\"><img loading=\"lazy\" decoding=\"async\" width=\"683\" height=\"1024\" data-id=\"452\" src=\"https:\/\/photocentrum-berlin.de\/pk\/chaos-und-ordnung\/wp-content\/uploads\/sites\/2\/2024\/12\/Akt-2-1-ENDE-Red-1-DIN-A-1-60x90-803-MB-IMG_5046-gigapixel-low-resolution-v2-6x-Kopie-Wiederhergestellt-683x1024.jpg\" alt=\"\" class=\"wp-image-452\" srcset=\"https:\/\/photocentrum-berlin.de\/pk\/chaos-und-ordnung\/wp-content\/uploads\/sites\/2\/2024\/12\/Akt-2-1-ENDE-Red-1-DIN-A-1-60x90-803-MB-IMG_5046-gigapixel-low-resolution-v2-6x-Kopie-Wiederhergestellt-683x1024.jpg 683w, https:\/\/photocentrum-berlin.de\/pk\/chaos-und-ordnung\/wp-content\/uploads\/sites\/2\/2024\/12\/Akt-2-1-ENDE-Red-1-DIN-A-1-60x90-803-MB-IMG_5046-gigapixel-low-resolution-v2-6x-Kopie-Wiederhergestellt-200x300.jpg 200w, https:\/\/photocentrum-berlin.de\/pk\/chaos-und-ordnung\/wp-content\/uploads\/sites\/2\/2024\/12\/Akt-2-1-ENDE-Red-1-DIN-A-1-60x90-803-MB-IMG_5046-gigapixel-low-resolution-v2-6x-Kopie-Wiederhergestellt-768x1152.jpg 768w, https:\/\/photocentrum-berlin.de\/pk\/chaos-und-ordnung\/wp-content\/uploads\/sites\/2\/2024\/12\/Akt-2-1-ENDE-Red-1-DIN-A-1-60x90-803-MB-IMG_5046-gigapixel-low-resolution-v2-6x-Kopie-Wiederhergestellt-1024x1536.jpg 1024w, https:\/\/photocentrum-berlin.de\/pk\/chaos-und-ordnung\/wp-content\/uploads\/sites\/2\/2024\/12\/Akt-2-1-ENDE-Red-1-DIN-A-1-60x90-803-MB-IMG_5046-gigapixel-low-resolution-v2-6x-Kopie-Wiederhergestellt.jpg 1200w\" sizes=\"auto, (max-width: 683px) 100vw, 683px\" \/><\/a><\/figure>\n\n\n\n<figure class=\"wp-block-image size-large\"><a href=\"https:\/\/photocentrum-berlin.de\/pk\/chaos-und-ordnung\/wp-content\/uploads\/sites\/2\/2024\/12\/Akt-2-2-ENDE-Red-2-DIN-A-1-60x90-631-MB-IMG_4965-gigapixel-low-resolution-v2-6x-Wiederhergestellt.jpg\"><img loading=\"lazy\" decoding=\"async\" width=\"683\" height=\"1024\" data-id=\"453\" src=\"https:\/\/photocentrum-berlin.de\/pk\/chaos-und-ordnung\/wp-content\/uploads\/sites\/2\/2024\/12\/Akt-2-2-ENDE-Red-2-DIN-A-1-60x90-631-MB-IMG_4965-gigapixel-low-resolution-v2-6x-Wiederhergestellt-683x1024.jpg\" alt=\"\" class=\"wp-image-453\" srcset=\"https:\/\/photocentrum-berlin.de\/pk\/chaos-und-ordnung\/wp-content\/uploads\/sites\/2\/2024\/12\/Akt-2-2-ENDE-Red-2-DIN-A-1-60x90-631-MB-IMG_4965-gigapixel-low-resolution-v2-6x-Wiederhergestellt-683x1024.jpg 683w, https:\/\/photocentrum-berlin.de\/pk\/chaos-und-ordnung\/wp-content\/uploads\/sites\/2\/2024\/12\/Akt-2-2-ENDE-Red-2-DIN-A-1-60x90-631-MB-IMG_4965-gigapixel-low-resolution-v2-6x-Wiederhergestellt-200x300.jpg 200w, https:\/\/photocentrum-berlin.de\/pk\/chaos-und-ordnung\/wp-content\/uploads\/sites\/2\/2024\/12\/Akt-2-2-ENDE-Red-2-DIN-A-1-60x90-631-MB-IMG_4965-gigapixel-low-resolution-v2-6x-Wiederhergestellt-768x1152.jpg 768w, https:\/\/photocentrum-berlin.de\/pk\/chaos-und-ordnung\/wp-content\/uploads\/sites\/2\/2024\/12\/Akt-2-2-ENDE-Red-2-DIN-A-1-60x90-631-MB-IMG_4965-gigapixel-low-resolution-v2-6x-Wiederhergestellt-1024x1536.jpg 1024w, https:\/\/photocentrum-berlin.de\/pk\/chaos-und-ordnung\/wp-content\/uploads\/sites\/2\/2024\/12\/Akt-2-2-ENDE-Red-2-DIN-A-1-60x90-631-MB-IMG_4965-gigapixel-low-resolution-v2-6x-Wiederhergestellt.jpg 1200w\" sizes=\"auto, (max-width: 683px) 100vw, 683px\" \/><\/a><\/figure>\n\n\n\n<figure class=\"wp-block-image size-large\"><a href=\"https:\/\/photocentrum-berlin.de\/pk\/chaos-und-ordnung\/wp-content\/uploads\/sites\/2\/2024\/11\/Akt-2-3-72-dpi-ENDE-Red-3-DIN-A-1-60X90-85-MB-IMG_5046-gigapixel-low-resolution-v2-6x-Kopie-Wiederhergestellt.jpg\"><img loading=\"lazy\" decoding=\"async\" width=\"683\" height=\"1024\" data-id=\"317\" src=\"https:\/\/photocentrum-berlin.de\/pk\/chaos-und-ordnung\/wp-content\/uploads\/sites\/2\/2024\/11\/Akt-2-3-72-dpi-ENDE-Red-3-DIN-A-1-60X90-85-MB-IMG_5046-gigapixel-low-resolution-v2-6x-Kopie-Wiederhergestellt-683x1024.jpg\" alt=\"\" class=\"wp-image-317\" srcset=\"https:\/\/photocentrum-berlin.de\/pk\/chaos-und-ordnung\/wp-content\/uploads\/sites\/2\/2024\/11\/Akt-2-3-72-dpi-ENDE-Red-3-DIN-A-1-60X90-85-MB-IMG_5046-gigapixel-low-resolution-v2-6x-Kopie-Wiederhergestellt-683x1024.jpg 683w, https:\/\/photocentrum-berlin.de\/pk\/chaos-und-ordnung\/wp-content\/uploads\/sites\/2\/2024\/11\/Akt-2-3-72-dpi-ENDE-Red-3-DIN-A-1-60X90-85-MB-IMG_5046-gigapixel-low-resolution-v2-6x-Kopie-Wiederhergestellt-200x300.jpg 200w, https:\/\/photocentrum-berlin.de\/pk\/chaos-und-ordnung\/wp-content\/uploads\/sites\/2\/2024\/11\/Akt-2-3-72-dpi-ENDE-Red-3-DIN-A-1-60X90-85-MB-IMG_5046-gigapixel-low-resolution-v2-6x-Kopie-Wiederhergestellt-768x1152.jpg 768w, https:\/\/photocentrum-berlin.de\/pk\/chaos-und-ordnung\/wp-content\/uploads\/sites\/2\/2024\/11\/Akt-2-3-72-dpi-ENDE-Red-3-DIN-A-1-60X90-85-MB-IMG_5046-gigapixel-low-resolution-v2-6x-Kopie-Wiederhergestellt-1024x1536.jpg 1024w, https:\/\/photocentrum-berlin.de\/pk\/chaos-und-ordnung\/wp-content\/uploads\/sites\/2\/2024\/11\/Akt-2-3-72-dpi-ENDE-Red-3-DIN-A-1-60X90-85-MB-IMG_5046-gigapixel-low-resolution-v2-6x-Kopie-Wiederhergestellt-1366x2048.jpg 1366w, https:\/\/photocentrum-berlin.de\/pk\/chaos-und-ordnung\/wp-content\/uploads\/sites\/2\/2024\/11\/Akt-2-3-72-dpi-ENDE-Red-3-DIN-A-1-60X90-85-MB-IMG_5046-gigapixel-low-resolution-v2-6x-Kopie-Wiederhergestellt.jpg 1701w\" sizes=\"auto, (max-width: 683px) 100vw, 683px\" \/><\/a><\/figure>\n\n\n\n<figure class=\"wp-block-image size-large\"><a href=\"https:\/\/photocentrum-berlin.de\/pk\/chaos-und-ordnung\/wp-content\/uploads\/sites\/2\/2024\/12\/Akt-3-1-ENDE-Schnecke-Busch-40x60-366-MB-1-DIN-A-1-IMG_1727-gigapixel-cgi-4x.jpg\"><img loading=\"lazy\" decoding=\"async\" width=\"683\" height=\"1024\" data-id=\"454\" src=\"https:\/\/photocentrum-berlin.de\/pk\/chaos-und-ordnung\/wp-content\/uploads\/sites\/2\/2024\/12\/Akt-3-1-ENDE-Schnecke-Busch-40x60-366-MB-1-DIN-A-1-IMG_1727-gigapixel-cgi-4x-683x1024.jpg\" alt=\"\" class=\"wp-image-454\" srcset=\"https:\/\/photocentrum-berlin.de\/pk\/chaos-und-ordnung\/wp-content\/uploads\/sites\/2\/2024\/12\/Akt-3-1-ENDE-Schnecke-Busch-40x60-366-MB-1-DIN-A-1-IMG_1727-gigapixel-cgi-4x-683x1024.jpg 683w, https:\/\/photocentrum-berlin.de\/pk\/chaos-und-ordnung\/wp-content\/uploads\/sites\/2\/2024\/12\/Akt-3-1-ENDE-Schnecke-Busch-40x60-366-MB-1-DIN-A-1-IMG_1727-gigapixel-cgi-4x-200x300.jpg 200w, https:\/\/photocentrum-berlin.de\/pk\/chaos-und-ordnung\/wp-content\/uploads\/sites\/2\/2024\/12\/Akt-3-1-ENDE-Schnecke-Busch-40x60-366-MB-1-DIN-A-1-IMG_1727-gigapixel-cgi-4x-768x1152.jpg 768w, https:\/\/photocentrum-berlin.de\/pk\/chaos-und-ordnung\/wp-content\/uploads\/sites\/2\/2024\/12\/Akt-3-1-ENDE-Schnecke-Busch-40x60-366-MB-1-DIN-A-1-IMG_1727-gigapixel-cgi-4x-1024x1536.jpg 1024w, https:\/\/photocentrum-berlin.de\/pk\/chaos-und-ordnung\/wp-content\/uploads\/sites\/2\/2024\/12\/Akt-3-1-ENDE-Schnecke-Busch-40x60-366-MB-1-DIN-A-1-IMG_1727-gigapixel-cgi-4x.jpg 1200w\" sizes=\"auto, (max-width: 683px) 100vw, 683px\" \/><\/a><\/figure>\n\n\n\n<figure class=\"wp-block-image size-large\"><a href=\"https:\/\/photocentrum-berlin.de\/pk\/chaos-und-ordnung\/wp-content\/uploads\/sites\/2\/2024\/12\/Akt-3-2-ENDE-Schnecke-solo-30x40-462-MB-2-DIN-A-1-60x90-IMG_9797-gigapixel-cgi-4x.jpg\"><img loading=\"lazy\" decoding=\"async\" width=\"683\" height=\"1024\" data-id=\"449\" src=\"https:\/\/photocentrum-berlin.de\/pk\/chaos-und-ordnung\/wp-content\/uploads\/sites\/2\/2024\/12\/Akt-3-2-ENDE-Schnecke-solo-30x40-462-MB-2-DIN-A-1-60x90-IMG_9797-gigapixel-cgi-4x-683x1024.jpg\" alt=\"\" class=\"wp-image-449\" srcset=\"https:\/\/photocentrum-berlin.de\/pk\/chaos-und-ordnung\/wp-content\/uploads\/sites\/2\/2024\/12\/Akt-3-2-ENDE-Schnecke-solo-30x40-462-MB-2-DIN-A-1-60x90-IMG_9797-gigapixel-cgi-4x-683x1024.jpg 683w, https:\/\/photocentrum-berlin.de\/pk\/chaos-und-ordnung\/wp-content\/uploads\/sites\/2\/2024\/12\/Akt-3-2-ENDE-Schnecke-solo-30x40-462-MB-2-DIN-A-1-60x90-IMG_9797-gigapixel-cgi-4x-200x300.jpg 200w, https:\/\/photocentrum-berlin.de\/pk\/chaos-und-ordnung\/wp-content\/uploads\/sites\/2\/2024\/12\/Akt-3-2-ENDE-Schnecke-solo-30x40-462-MB-2-DIN-A-1-60x90-IMG_9797-gigapixel-cgi-4x-768x1152.jpg 768w, https:\/\/photocentrum-berlin.de\/pk\/chaos-und-ordnung\/wp-content\/uploads\/sites\/2\/2024\/12\/Akt-3-2-ENDE-Schnecke-solo-30x40-462-MB-2-DIN-A-1-60x90-IMG_9797-gigapixel-cgi-4x-1024x1536.jpg 1024w, https:\/\/photocentrum-berlin.de\/pk\/chaos-und-ordnung\/wp-content\/uploads\/sites\/2\/2024\/12\/Akt-3-2-ENDE-Schnecke-solo-30x40-462-MB-2-DIN-A-1-60x90-IMG_9797-gigapixel-cgi-4x.jpg 1200w\" sizes=\"auto, (max-width: 683px) 100vw, 683px\" \/><\/a><\/figure>\n\n\n\n<figure class=\"wp-block-image size-large\"><a href=\"https:\/\/photocentrum-berlin.de\/pk\/chaos-und-ordnung\/wp-content\/uploads\/sites\/2\/2024\/11\/Akt-3-3-72-dpi-ENDE-1-Lila-Schnecke-40x60-36-MB-IMG_1759-gigapixel-cgi-4x-2-Wiederhergestellt.jpg\"><img loading=\"lazy\" decoding=\"async\" width=\"683\" height=\"1024\" data-id=\"318\" src=\"https:\/\/photocentrum-berlin.de\/pk\/chaos-und-ordnung\/wp-content\/uploads\/sites\/2\/2024\/11\/Akt-3-3-72-dpi-ENDE-1-Lila-Schnecke-40x60-36-MB-IMG_1759-gigapixel-cgi-4x-2-Wiederhergestellt-683x1024.jpg\" alt=\"\" class=\"wp-image-318\" srcset=\"https:\/\/photocentrum-berlin.de\/pk\/chaos-und-ordnung\/wp-content\/uploads\/sites\/2\/2024\/11\/Akt-3-3-72-dpi-ENDE-1-Lila-Schnecke-40x60-36-MB-IMG_1759-gigapixel-cgi-4x-2-Wiederhergestellt-683x1024.jpg 683w, https:\/\/photocentrum-berlin.de\/pk\/chaos-und-ordnung\/wp-content\/uploads\/sites\/2\/2024\/11\/Akt-3-3-72-dpi-ENDE-1-Lila-Schnecke-40x60-36-MB-IMG_1759-gigapixel-cgi-4x-2-Wiederhergestellt-200x300.jpg 200w, https:\/\/photocentrum-berlin.de\/pk\/chaos-und-ordnung\/wp-content\/uploads\/sites\/2\/2024\/11\/Akt-3-3-72-dpi-ENDE-1-Lila-Schnecke-40x60-36-MB-IMG_1759-gigapixel-cgi-4x-2-Wiederhergestellt-768x1152.jpg 768w, https:\/\/photocentrum-berlin.de\/pk\/chaos-und-ordnung\/wp-content\/uploads\/sites\/2\/2024\/11\/Akt-3-3-72-dpi-ENDE-1-Lila-Schnecke-40x60-36-MB-IMG_1759-gigapixel-cgi-4x-2-Wiederhergestellt-1024x1536.jpg 1024w, https:\/\/photocentrum-berlin.de\/pk\/chaos-und-ordnung\/wp-content\/uploads\/sites\/2\/2024\/11\/Akt-3-3-72-dpi-ENDE-1-Lila-Schnecke-40x60-36-MB-IMG_1759-gigapixel-cgi-4x-2-Wiederhergestellt.jpg 1134w\" sizes=\"auto, (max-width: 683px) 100vw, 683px\" \/><\/a><\/figure>\n<\/figure>\n\n\n\n<p class=\"has-small-font-size\"><a href=\"mailto:steffipianka@gmail.com\">steffipianka@gmail.com<\/a><\/p>\n\n\n\n<p><\/p>\n","protected":false},"excerpt":{"rendered":"<p>Unter WasserEine Trilogie in drei Akten Jahr f\u00fcr Jahr steht der Seerosenteich im Hauptakt seiner Auff\u00fchrung in voller Bl\u00fcte. Das Drehbuch f\u00fcr dieses Wunder schreiben die Naturgesetze. Alles l\u00e4uft nach Plan. Trotzdem gibt es Raum f\u00fcr das unvorhersehbare Chaos. Bei einem Blick unter die Wasseroberfl\u00e4che er\u00f6ffnen sich dem Betrachter bizarre, unbekannte Welten. Das noch Unperfekte &#8230; <a title=\"Steffi Pianka\" class=\"read-more\" href=\"https:\/\/photocentrum-berlin.de\/pk\/chaos-und-ordnung\/steffi-pianka\/\" aria-label=\"Mehr Informationen \u00fcber Steffi Pianka\">Weiterlesen<\/a><\/p>\n","protected":false},"author":3,"featured_media":0,"parent":0,"menu_order":0,"comment_status":"closed","ping_status":"closed","template":"","meta":{"footnotes":""},"class_list":["post-257","page","type-page","status-publish"],"_links":{"self":[{"href":"https:\/\/photocentrum-berlin.de\/pk\/chaos-und-ordnung\/wp-json\/wp\/v2\/pages\/257","targetHints":{"allow":["GET"]}}],"collection":[{"href":"https:\/\/photocentrum-berlin.de\/pk\/chaos-und-ordnung\/wp-json\/wp\/v2\/pages"}],"about":[{"href":"https:\/\/photocentrum-berlin.de\/pk\/chaos-und-ordnung\/wp-json\/wp\/v2\/types\/page"}],"author":[{"embeddable":true,"href":"https:\/\/photocentrum-berlin.de\/pk\/chaos-und-ordnung\/wp-json\/wp\/v2\/users\/3"}],"replies":[{"embeddable":true,"href":"https:\/\/photocentrum-berlin.de\/pk\/chaos-und-ordnung\/wp-json\/wp\/v2\/comments?post=257"}],"version-history":[{"count":12,"href":"https:\/\/photocentrum-berlin.de\/pk\/chaos-und-ordnung\/wp-json\/wp\/v2\/pages\/257\/revisions"}],"predecessor-version":[{"id":456,"href":"https:\/\/photocentrum-berlin.de\/pk\/chaos-und-ordnung\/wp-json\/wp\/v2\/pages\/257\/revisions\/456"}],"wp:attachment":[{"href":"https:\/\/photocentrum-berlin.de\/pk\/chaos-und-ordnung\/wp-json\/wp\/v2\/media?parent=257"}],"curies":[{"name":"wp","href":"https:\/\/api.w.org\/{rel}","templated":true}]}}