{"id":7,"date":"2024-10-03T10:45:45","date_gmt":"2024-10-03T08:45:45","guid":{"rendered":"https:\/\/photocentrum-berlin.de\/pk\/chaos-und-ordnung\/?page_id=7"},"modified":"2024-12-01T18:57:18","modified_gmt":"2024-12-01T17:57:18","slug":"projektklasse-mit-ebba-dangschat","status":"publish","type":"page","link":"https:\/\/photocentrum-berlin.de\/pk\/chaos-und-ordnung\/","title":{"rendered":"Abschlussausstellung der Projektklasse von Ebba Dangschat"},"content":{"rendered":"<div class=\"wp-block-image\">\n<figure class=\"aligncenter size-large\"><img loading=\"lazy\" decoding=\"async\" width=\"1024\" height=\"478\" src=\"https:\/\/photocentrum-berlin.de\/pk\/chaos-und-ordnung\/wp-content\/uploads\/sites\/2\/2024\/11\/Covermotiv_web2200px_ChaosOrdnung_sRGB-e1731686114671-1024x478.jpg\" alt=\"\" class=\"wp-image-419\" srcset=\"https:\/\/photocentrum-berlin.de\/pk\/chaos-und-ordnung\/wp-content\/uploads\/sites\/2\/2024\/11\/Covermotiv_web2200px_ChaosOrdnung_sRGB-e1731686114671-1024x478.jpg 1024w, https:\/\/photocentrum-berlin.de\/pk\/chaos-und-ordnung\/wp-content\/uploads\/sites\/2\/2024\/11\/Covermotiv_web2200px_ChaosOrdnung_sRGB-e1731686114671-300x140.jpg 300w, https:\/\/photocentrum-berlin.de\/pk\/chaos-und-ordnung\/wp-content\/uploads\/sites\/2\/2024\/11\/Covermotiv_web2200px_ChaosOrdnung_sRGB-e1731686114671-768x358.jpg 768w, https:\/\/photocentrum-berlin.de\/pk\/chaos-und-ordnung\/wp-content\/uploads\/sites\/2\/2024\/11\/Covermotiv_web2200px_ChaosOrdnung_sRGB-e1731686114671-1536x717.jpg 1536w, https:\/\/photocentrum-berlin.de\/pk\/chaos-und-ordnung\/wp-content\/uploads\/sites\/2\/2024\/11\/Covermotiv_web2200px_ChaosOrdnung_sRGB-e1731686114671.jpg 2000w\" sizes=\"auto, (max-width: 1024px) 100vw, 1024px\" \/><\/figure>\n<\/div>\n\n\n<p><\/p>\n\n\n\n<p class=\"has-medium-font-size\" id=\"projektidee\">Chaos &amp; Ordnung &#8211; Vom Ausloten und Anrichten<\/p>\n\n\n\n<p>Das Chaos, in der griechischen Mythologie der ungeordnete Urzustand der Welt, begleitet uns bis in die heutige Zeit. Verunsicherungen durch Kriege, drohende Klimakatastrophen, Wirtschafts- und Wertekrisen steigern das Bed\u00fcrfnis, dem \u00e4u\u00dferen und inneren Chaos Herr zu werden und die eigene Position in diesem Spannungsfeld auszuloten.<\/p>\n\n\n\n<p>Zw\u00f6lf Fotografinnen und Fotografen der diesj\u00e4hrigen Projektklasse von Ebba Dangschat am Photocentrum der Gilberto-Bosques-Volksschule Friedrichshain-Kreuzberg haben unterschiedliche Formen des Chaos und der Ordnung untersucht und fotografisch \u00fcbersetzt. Der Zugang zum \u00e4u\u00dferen oder inneren Chaos und dessen Bew\u00e4ltigung geriet mehr oder weniger ernst. Der Darstellung absichtslosen, unkontrollierbarem Treibens auf der einen Seite stehen Versuche der visuellen Anordnung gegen\u00fcber, die das Chaos bew\u00e4ltigen sollen. Neben fotografischen Einlassungen zu gesellschaftlichen Zust\u00e4nden wendet sich manch ordnender Blick auch dem inneren Chaos zu, welches als Motor f\u00fcr die subjektive, k\u00fcnstlerische Aufarbeitung dient.<\/p>\n\n\n\n<p>Das Spektrum der Gruppenausstellung umfasst sowohl dokumentarische Ans\u00e4tze, als auch experimentelle und installative Auslegungen. Die entstandenen Fotoarbeiten sind individuelle L\u00f6sungsstrategien \u2013 sie sprechen von pers\u00f6nlich Erlebtem oder Gesehenem und bieten dem Empfundenen Raum zur Entfaltung.<\/p>\n\n\n\n<p>Ebba Dangschat, November 2024<br>Dozentin<\/p>\n\n\n\n<p class=\"has-medium-font-size\"><strong>Ausstellung vom 14.12.2024 bis 21.12.2024<\/strong><\/p>\n\n\n\n<p><strong>Projektraum im <a href=\"http:\/\/kunstquartier-bethanien.de\/\">Kunstquartier Bethanien<\/a><\/strong><br>Mariannenplatz 2, 10997 Berlin<br>\u00d6ffnungszeiten: <br>\u2022 Montag bis Freitag 14-20 Uhr, <br>\u2022 Samstag und Sonntag 12-18 Uhr<\/p>\n\n\n\n<p>Vernissage am 13.12.2024 um 19 Uhr<br>K\u00fcnstlergespr\u00e4che und Finissage am 21.12.2024 um 16 Uhr<\/p>\n\n\n\n<p class=\"has-small-font-size\"><strong>Medienpartner<\/strong>: <a href=\"https:\/\/www.photography-in.berlin\/\">PiB \u2013\u00a0Photography in Berlin<\/a><\/p>\n\n\n\n<p><\/p>\n","protected":false},"excerpt":{"rendered":"<p>Chaos &amp; Ordnung &#8211; Vom Ausloten und Anrichten Das Chaos, in der griechischen Mythologie der ungeordnete Urzustand der Welt, begleitet uns bis in die heutige Zeit. Verunsicherungen durch Kriege, drohende Klimakatastrophen, Wirtschafts- und Wertekrisen steigern das Bed\u00fcrfnis, dem \u00e4u\u00dferen und inneren Chaos Herr zu werden und die eigene Position in diesem Spannungsfeld auszuloten. Zw\u00f6lf Fotografinnen &#8230; <a title=\"Abschlussausstellung der Projektklasse von Ebba Dangschat\" class=\"read-more\" href=\"https:\/\/photocentrum-berlin.de\/pk\/chaos-und-ordnung\/\" aria-label=\"Mehr Informationen \u00fcber Abschlussausstellung der Projektklasse von Ebba Dangschat\">Weiterlesen<\/a><\/p>\n","protected":false},"author":3,"featured_media":0,"parent":0,"menu_order":0,"comment_status":"closed","ping_status":"closed","template":"","meta":{"footnotes":""},"class_list":["post-7","page","type-page","status-publish"],"_links":{"self":[{"href":"https:\/\/photocentrum-berlin.de\/pk\/chaos-und-ordnung\/wp-json\/wp\/v2\/pages\/7","targetHints":{"allow":["GET"]}}],"collection":[{"href":"https:\/\/photocentrum-berlin.de\/pk\/chaos-und-ordnung\/wp-json\/wp\/v2\/pages"}],"about":[{"href":"https:\/\/photocentrum-berlin.de\/pk\/chaos-und-ordnung\/wp-json\/wp\/v2\/types\/page"}],"author":[{"embeddable":true,"href":"https:\/\/photocentrum-berlin.de\/pk\/chaos-und-ordnung\/wp-json\/wp\/v2\/users\/3"}],"replies":[{"embeddable":true,"href":"https:\/\/photocentrum-berlin.de\/pk\/chaos-und-ordnung\/wp-json\/wp\/v2\/comments?post=7"}],"version-history":[{"count":28,"href":"https:\/\/photocentrum-berlin.de\/pk\/chaos-und-ordnung\/wp-json\/wp\/v2\/pages\/7\/revisions"}],"predecessor-version":[{"id":423,"href":"https:\/\/photocentrum-berlin.de\/pk\/chaos-und-ordnung\/wp-json\/wp\/v2\/pages\/7\/revisions\/423"}],"wp:attachment":[{"href":"https:\/\/photocentrum-berlin.de\/pk\/chaos-und-ordnung\/wp-json\/wp\/v2\/media?parent=7"}],"curies":[{"name":"wp","href":"https:\/\/api.w.org\/{rel}","templated":true}]}}