{"id":1027,"date":"2025-11-19T11:18:32","date_gmt":"2025-11-19T10:18:32","guid":{"rendered":"https:\/\/photocentrum-berlin.de\/pk\/fotografie-im-dialog\/?page_id=1027"},"modified":"2025-11-24T17:12:27","modified_gmt":"2025-11-24T16:12:27","slug":"thema","status":"publish","type":"page","link":"https:\/\/photocentrum-berlin.de\/pk\/fotografie-im-dialog\/thema\/","title":{"rendered":"Fotografischer Dialog"},"content":{"rendered":"\n<div class=\"wp-block-columns is-layout-flex wp-container-core-columns-is-layout-9d6595d7 wp-block-columns-is-layout-flex\">\n<div class=\"wp-block-column is-layout-flow wp-block-column-is-layout-flow\" style=\"flex-basis:66.66%\">\n<p><\/p>\n\n\n\n<p>Mittels der Sprache der Fotografie reagieren wir individuell auf \u00e4u\u00dfere Einfl\u00fcsse und innere Einfl\u00fcsterungen. Immanente Inhalte wollen rezipiert und reflektiert werden: im Dialog zwischen Bildern und Bildhaftem, im Austausch von Frage und Antwort oder Gegenfrage. Eine Fotografie kann auf eine Fotografie Bezug nehmen, ebenso aber auch auf andere k\u00fcnstlerischen Ausdrucksformen reagieren, sofern eine gemeinsame Sprache gefunden und lesbar wird. So findet auch der bildsprachliche Austausch zwischen Fotografie und Text, Malerei, oder Musik in dieser Ausstellung seinen Raum.<\/p>\n\n\n\n<p>Die dialogische Auseinandersetzung zweier Bildwelten zeigt sich nicht immer in visuellen Gegen-\u00fcberstellungen. Im Prozess des Austausches inneren und \u00e4usseren Welterlebens k\u00f6nnen auch visuelle Symbiosen entstehen, die in einem einzigen Bild verschmelzen.<\/p>\n\n\n\n<p>Die vielf\u00e4ltigen visuellen Dialoge umfassen dokumentarische, poetische, psychologische und spielerische Ans\u00e4tze.<\/p>\n\n\n\n<p><strong>Ebba Dangschat<\/strong><\/p>\n<\/div>\n\n\n\n<div class=\"wp-block-column is-layout-flow wp-block-column-is-layout-flow\" style=\"flex-basis:33.33%\">\n<p><\/p>\n\n\n\n<figure class=\"wp-block-image size-full\"><img loading=\"lazy\" decoding=\"async\" width=\"1024\" height=\"1020\" src=\"https:\/\/photocentrum-berlin.de\/pk\/fotografie-im-dialog\/wp-content\/uploads\/sites\/5\/2025\/11\/Cover_Front_-tuerkis_web.jpg\" alt=\"\" class=\"wp-image-721\" srcset=\"https:\/\/photocentrum-berlin.de\/pk\/fotografie-im-dialog\/wp-content\/uploads\/sites\/5\/2025\/11\/Cover_Front_-tuerkis_web.jpg 1024w, https:\/\/photocentrum-berlin.de\/pk\/fotografie-im-dialog\/wp-content\/uploads\/sites\/5\/2025\/11\/Cover_Front_-tuerkis_web-300x300.jpg 300w, https:\/\/photocentrum-berlin.de\/pk\/fotografie-im-dialog\/wp-content\/uploads\/sites\/5\/2025\/11\/Cover_Front_-tuerkis_web-150x150.jpg 150w, https:\/\/photocentrum-berlin.de\/pk\/fotografie-im-dialog\/wp-content\/uploads\/sites\/5\/2025\/11\/Cover_Front_-tuerkis_web-768x765.jpg 768w\" sizes=\"auto, (max-width: 1024px) 100vw, 1024px\" \/><\/figure>\n<\/div>\n<\/div>\n\n\n\n<p><\/p>\n\n\n\n<p><\/p>\n\n\n\n<p><\/p>\n\n\n\n<p><\/p>\n\n\n\n<p><\/p>\n\n\n\n<p><\/p>\n\n\n\n<p><\/p>\n\n\n\n<p><\/p>\n\n\n\n<p><\/p>\n\n\n\n<p><\/p>\n\n\n\n<p><\/p>\n\n\n\n<p><\/p>\n","protected":false},"excerpt":{"rendered":"<p>Mittels der Sprache der Fotografie reagieren wir individuell auf \u00e4u\u00dfere Einfl\u00fcsse und innere Einfl\u00fcsterungen. Immanente Inhalte wollen rezipiert und reflektiert werden: im Dialog zwischen Bildern und Bildhaftem, im Austausch von Frage und Antwort oder Gegenfrage. Eine Fotografie kann auf eine Fotografie Bezug nehmen, ebenso aber auch auf andere k\u00fcnstlerischen Ausdrucksformen reagieren, sofern eine gemeinsame Sprache &#8230; <a title=\"Fotografischer Dialog\" class=\"read-more\" href=\"https:\/\/photocentrum-berlin.de\/pk\/fotografie-im-dialog\/thema\/\" aria-label=\"Mehr Informationen \u00fcber Fotografischer Dialog\">Weiterlesen<\/a><\/p>\n","protected":false},"author":5,"featured_media":0,"parent":0,"menu_order":0,"comment_status":"closed","ping_status":"closed","template":"","meta":{"footnotes":""},"class_list":["post-1027","page","type-page","status-publish"],"_links":{"self":[{"href":"https:\/\/photocentrum-berlin.de\/pk\/fotografie-im-dialog\/wp-json\/wp\/v2\/pages\/1027","targetHints":{"allow":["GET"]}}],"collection":[{"href":"https:\/\/photocentrum-berlin.de\/pk\/fotografie-im-dialog\/wp-json\/wp\/v2\/pages"}],"about":[{"href":"https:\/\/photocentrum-berlin.de\/pk\/fotografie-im-dialog\/wp-json\/wp\/v2\/types\/page"}],"author":[{"embeddable":true,"href":"https:\/\/photocentrum-berlin.de\/pk\/fotografie-im-dialog\/wp-json\/wp\/v2\/users\/5"}],"replies":[{"embeddable":true,"href":"https:\/\/photocentrum-berlin.de\/pk\/fotografie-im-dialog\/wp-json\/wp\/v2\/comments?post=1027"}],"version-history":[{"count":41,"href":"https:\/\/photocentrum-berlin.de\/pk\/fotografie-im-dialog\/wp-json\/wp\/v2\/pages\/1027\/revisions"}],"predecessor-version":[{"id":1250,"href":"https:\/\/photocentrum-berlin.de\/pk\/fotografie-im-dialog\/wp-json\/wp\/v2\/pages\/1027\/revisions\/1250"}],"wp:attachment":[{"href":"https:\/\/photocentrum-berlin.de\/pk\/fotografie-im-dialog\/wp-json\/wp\/v2\/media?parent=1027"}],"curies":[{"name":"wp","href":"https:\/\/api.w.org\/{rel}","templated":true}]}}