{"id":437,"date":"2025-11-04T16:42:33","date_gmt":"2025-11-04T15:42:33","guid":{"rendered":"https:\/\/photocentrum-berlin.de\/pk\/fotografie-im-dialog\/?page_id=437"},"modified":"2025-11-26T14:33:58","modified_gmt":"2025-11-26T13:33:58","slug":"serpil-ayguen","status":"publish","type":"page","link":"https:\/\/photocentrum-berlin.de\/pk\/fotografie-im-dialog\/teilnehmende\/serpil-ayguen\/","title":{"rendered":"Serpil Ayg\u00fcn"},"content":{"rendered":"\n<h2 class=\"wp-block-heading\">Der Gro\u00dfe S\u00fcden &#8211; Ein Fotoprojekt im Dialog mit Musik<\/h2>\n\n\n\n<p>In ihrer gemeinsamen Heimat im Herzen Anatoliens treffen eine S\u00e4ngerin und eine Fotografin aufeinander. Gepr\u00e4gt von Erinnerungen aus ihrer Kindheit entsteht ein emotionaler Dialog zwischen Stimme und Bild.<\/p>\n\n\n\n<p>\u201e<em>Der Gro\u00dfe S\u00fcden<\/em>\u201c wird als Gef\u00fchlstr\u00e4ger inszeniert und zur B\u00fchne einer Begegnung, in der Fotografien unmittelbar auf den Gesang reagieren, Emotionen spiegeln und von Sehnsucht und Herkunft erz\u00e4hlen.<\/p>\n\n\n\n<figure class=\"wp-block-gallery has-nested-images columns-default is-cropped wp-block-gallery-1 is-layout-flex wp-block-gallery-is-layout-flex\">\n<figure class=\"wp-block-image size-large\"><img loading=\"lazy\" decoding=\"async\" width=\"1024\" height=\"683\" data-id=\"457\" src=\"https:\/\/photocentrum-berlin.de\/pk\/fotografie-im-dialog\/wp-content\/uploads\/sites\/5\/2025\/11\/serpilDSCF8439-2.jpg\" alt=\"\" class=\"wp-image-457\" srcset=\"https:\/\/photocentrum-berlin.de\/pk\/fotografie-im-dialog\/wp-content\/uploads\/sites\/5\/2025\/11\/serpilDSCF8439-2.jpg 1024w, https:\/\/photocentrum-berlin.de\/pk\/fotografie-im-dialog\/wp-content\/uploads\/sites\/5\/2025\/11\/serpilDSCF8439-2-300x200.jpg 300w, https:\/\/photocentrum-berlin.de\/pk\/fotografie-im-dialog\/wp-content\/uploads\/sites\/5\/2025\/11\/serpilDSCF8439-2-768x512.jpg 768w\" sizes=\"auto, (max-width: 1024px) 100vw, 1024px\" \/><\/figure>\n\n\n\n<figure class=\"wp-block-image size-large\"><img loading=\"lazy\" decoding=\"async\" width=\"1024\" height=\"683\" data-id=\"712\" src=\"https:\/\/photocentrum-berlin.de\/pk\/fotografie-im-dialog\/wp-content\/uploads\/sites\/5\/2025\/11\/DSCF8466-web.jpg\" alt=\"\" class=\"wp-image-712\" srcset=\"https:\/\/photocentrum-berlin.de\/pk\/fotografie-im-dialog\/wp-content\/uploads\/sites\/5\/2025\/11\/DSCF8466-web.jpg 1024w, https:\/\/photocentrum-berlin.de\/pk\/fotografie-im-dialog\/wp-content\/uploads\/sites\/5\/2025\/11\/DSCF8466-web-300x200.jpg 300w, https:\/\/photocentrum-berlin.de\/pk\/fotografie-im-dialog\/wp-content\/uploads\/sites\/5\/2025\/11\/DSCF8466-web-768x512.jpg 768w\" sizes=\"auto, (max-width: 1024px) 100vw, 1024px\" \/><\/figure>\n\n\n\n<figure class=\"wp-block-image size-large\"><img loading=\"lazy\" decoding=\"async\" width=\"1024\" height=\"683\" data-id=\"456\" src=\"https:\/\/photocentrum-berlin.de\/pk\/fotografie-im-dialog\/wp-content\/uploads\/sites\/5\/2025\/11\/serpilDSCF8514-3.jpg\" alt=\"\" class=\"wp-image-456\" srcset=\"https:\/\/photocentrum-berlin.de\/pk\/fotografie-im-dialog\/wp-content\/uploads\/sites\/5\/2025\/11\/serpilDSCF8514-3.jpg 1024w, https:\/\/photocentrum-berlin.de\/pk\/fotografie-im-dialog\/wp-content\/uploads\/sites\/5\/2025\/11\/serpilDSCF8514-3-300x200.jpg 300w, https:\/\/photocentrum-berlin.de\/pk\/fotografie-im-dialog\/wp-content\/uploads\/sites\/5\/2025\/11\/serpilDSCF8514-3-768x512.jpg 768w\" sizes=\"auto, (max-width: 1024px) 100vw, 1024px\" \/><\/figure>\n\n\n\n<figure class=\"wp-block-image size-large\"><img loading=\"lazy\" decoding=\"async\" width=\"1024\" height=\"683\" data-id=\"459\" src=\"https:\/\/photocentrum-berlin.de\/pk\/fotografie-im-dialog\/wp-content\/uploads\/sites\/5\/2025\/11\/serpilDSCF9004-1-1024x683.jpg\" alt=\"\" class=\"wp-image-459\" srcset=\"https:\/\/photocentrum-berlin.de\/pk\/fotografie-im-dialog\/wp-content\/uploads\/sites\/5\/2025\/11\/serpilDSCF9004-1-1024x683.jpg 1024w, https:\/\/photocentrum-berlin.de\/pk\/fotografie-im-dialog\/wp-content\/uploads\/sites\/5\/2025\/11\/serpilDSCF9004-1-300x200.jpg 300w, https:\/\/photocentrum-berlin.de\/pk\/fotografie-im-dialog\/wp-content\/uploads\/sites\/5\/2025\/11\/serpilDSCF9004-1-768x512.jpg 768w, https:\/\/photocentrum-berlin.de\/pk\/fotografie-im-dialog\/wp-content\/uploads\/sites\/5\/2025\/11\/serpilDSCF9004-1-1536x1024.jpg 1536w, https:\/\/photocentrum-berlin.de\/pk\/fotografie-im-dialog\/wp-content\/uploads\/sites\/5\/2025\/11\/serpilDSCF9004-1-2048x1365.jpg 2048w\" sizes=\"auto, (max-width: 1024px) 100vw, 1024px\" \/><\/figure>\n\n\n\n<figure class=\"wp-block-image size-large\"><img loading=\"lazy\" decoding=\"async\" width=\"1024\" height=\"682\" data-id=\"458\" src=\"https:\/\/photocentrum-berlin.de\/pk\/fotografie-im-dialog\/wp-content\/uploads\/sites\/5\/2025\/11\/serpilDSCF9161-2-1024x682.jpg\" alt=\"\" class=\"wp-image-458\" srcset=\"https:\/\/photocentrum-berlin.de\/pk\/fotografie-im-dialog\/wp-content\/uploads\/sites\/5\/2025\/11\/serpilDSCF9161-2-1024x682.jpg 1024w, https:\/\/photocentrum-berlin.de\/pk\/fotografie-im-dialog\/wp-content\/uploads\/sites\/5\/2025\/11\/serpilDSCF9161-2-300x200.jpg 300w, https:\/\/photocentrum-berlin.de\/pk\/fotografie-im-dialog\/wp-content\/uploads\/sites\/5\/2025\/11\/serpilDSCF9161-2-768x512.jpg 768w, https:\/\/photocentrum-berlin.de\/pk\/fotografie-im-dialog\/wp-content\/uploads\/sites\/5\/2025\/11\/serpilDSCF9161-2.jpg 1280w\" sizes=\"auto, (max-width: 1024px) 100vw, 1024px\" \/><\/figure>\n<\/figure>\n\n\n\n<p><\/p>\n\n\n\n<p><strong>Serpil Ayg\u00fcn<\/strong> ist im \u201egro\u00dfen S\u00fcden\u201c Deutschlands geboren und aufgewachsen, im Herzen Baden- W\u00fcrttembergs. Teile ihrer Schulzeit und das Abitur absolvierte sie in Istanbul &#8211; ein Leben zwischen zwei Welten, das sie bis heute pr\u00e4gt. Nach dem Studium der Geschichte und Philosophie auf Lehramt in Heidelberg und Darmstadt zog sie 2016 nach Berlin, wo sie als Lehrerin arbeitet und ihrer Leidenschaft f\u00fcr Fotografie folgt.<br>In ihrer fotografischen Arbeit erforscht sie die emotionale Landschaft zwischen Herkunft und Gegenwart &#8211; zwischen Ort, Erinnerung und Gef\u00fchl.<br>Derzeit vertieft sie ihre fotografische Ausbildung am Photocentrum der Gilberto-Bosques-Volkshochschule Berlin. <a href=\"https:\/\/www.instagram.com\/atelier_say\/\">@atelier_say<\/a><\/p>\n\n\n\n<p><\/p>\n","protected":false},"excerpt":{"rendered":"<p>Der Gro\u00dfe S\u00fcden &#8211; Ein Fotoprojekt im Dialog mit Musik In ihrer gemeinsamen Heimat im Herzen Anatoliens treffen eine S\u00e4ngerin und eine Fotografin aufeinander. Gepr\u00e4gt von Erinnerungen aus ihrer Kindheit entsteht ein emotionaler Dialog zwischen Stimme und Bild. \u201eDer Gro\u00dfe S\u00fcden\u201c wird als Gef\u00fchlstr\u00e4ger inszeniert und zur B\u00fchne einer Begegnung, in der Fotografien unmittelbar auf &#8230; <a title=\"Serpil Ayg\u00fcn\" class=\"read-more\" href=\"https:\/\/photocentrum-berlin.de\/pk\/fotografie-im-dialog\/teilnehmende\/serpil-ayguen\/\" aria-label=\"Mehr Informationen \u00fcber Serpil Ayg\u00fcn\">Weiterlesen<\/a><\/p>\n","protected":false},"author":5,"featured_media":0,"parent":44,"menu_order":0,"comment_status":"closed","ping_status":"closed","template":"","meta":{"footnotes":""},"class_list":["post-437","page","type-page","status-publish"],"_links":{"self":[{"href":"https:\/\/photocentrum-berlin.de\/pk\/fotografie-im-dialog\/wp-json\/wp\/v2\/pages\/437","targetHints":{"allow":["GET"]}}],"collection":[{"href":"https:\/\/photocentrum-berlin.de\/pk\/fotografie-im-dialog\/wp-json\/wp\/v2\/pages"}],"about":[{"href":"https:\/\/photocentrum-berlin.de\/pk\/fotografie-im-dialog\/wp-json\/wp\/v2\/types\/page"}],"author":[{"embeddable":true,"href":"https:\/\/photocentrum-berlin.de\/pk\/fotografie-im-dialog\/wp-json\/wp\/v2\/users\/5"}],"replies":[{"embeddable":true,"href":"https:\/\/photocentrum-berlin.de\/pk\/fotografie-im-dialog\/wp-json\/wp\/v2\/comments?post=437"}],"version-history":[{"count":21,"href":"https:\/\/photocentrum-berlin.de\/pk\/fotografie-im-dialog\/wp-json\/wp\/v2\/pages\/437\/revisions"}],"predecessor-version":[{"id":1257,"href":"https:\/\/photocentrum-berlin.de\/pk\/fotografie-im-dialog\/wp-json\/wp\/v2\/pages\/437\/revisions\/1257"}],"up":[{"embeddable":true,"href":"https:\/\/photocentrum-berlin.de\/pk\/fotografie-im-dialog\/wp-json\/wp\/v2\/pages\/44"}],"wp:attachment":[{"href":"https:\/\/photocentrum-berlin.de\/pk\/fotografie-im-dialog\/wp-json\/wp\/v2\/media?parent=437"}],"curies":[{"name":"wp","href":"https:\/\/api.w.org\/{rel}","templated":true}]}}