{"id":470,"date":"2025-11-04T17:45:20","date_gmt":"2025-11-04T16:45:20","guid":{"rendered":"https:\/\/photocentrum-berlin.de\/pk\/fotografie-im-dialog\/?page_id=470"},"modified":"2025-11-25T10:32:25","modified_gmt":"2025-11-25T09:32:25","slug":"astrid-fischer","status":"publish","type":"page","link":"https:\/\/photocentrum-berlin.de\/pk\/fotografie-im-dialog\/teilnehmende\/astrid-fischer\/","title":{"rendered":"Astrid Fischer"},"content":{"rendered":"\n<h2 class=\"wp-block-heading\">Vertigo<\/h2>\n\n\n\n<p>Eine Auseinandersetzung zwischen Bewegung, Fokus und Halt &#8211; dem Wechselspiel zwischen eigener Wahrnehmung und Umwelt &#8211; ein Dialog zwischen Bewegung, Raum und Bild.<br><\/p>\n\n\n\n<figure class=\"wp-block-gallery has-nested-images columns-default is-cropped wp-block-gallery-1 is-layout-flex wp-block-gallery-is-layout-flex\">\n<figure class=\"wp-block-image size-large\"><a href=\"https:\/\/photocentrum-berlin.de\/pk\/fotografie-im-dialog\/wp-content\/uploads\/sites\/5\/2025\/11\/Auto.jpg\"><img loading=\"lazy\" decoding=\"async\" width=\"638\" height=\"850\" data-id=\"478\" src=\"https:\/\/photocentrum-berlin.de\/pk\/fotografie-im-dialog\/wp-content\/uploads\/sites\/5\/2025\/11\/Auto.jpg\" alt=\"\" class=\"wp-image-478\" srcset=\"https:\/\/photocentrum-berlin.de\/pk\/fotografie-im-dialog\/wp-content\/uploads\/sites\/5\/2025\/11\/Auto.jpg 638w, https:\/\/photocentrum-berlin.de\/pk\/fotografie-im-dialog\/wp-content\/uploads\/sites\/5\/2025\/11\/Auto-225x300.jpg 225w\" sizes=\"auto, (max-width: 638px) 100vw, 638px\" \/><\/a><\/figure>\n\n\n\n<figure class=\"wp-block-image size-medium is-style-default\"><a href=\"https:\/\/photocentrum-berlin.de\/pk\/fotografie-im-dialog\/wp-content\/uploads\/sites\/5\/2025\/11\/P6230222sw-tuerkis2.jpg\"><img loading=\"lazy\" decoding=\"async\" width=\"300\" height=\"300\" data-id=\"693\" src=\"https:\/\/photocentrum-berlin.de\/pk\/fotografie-im-dialog\/wp-content\/uploads\/sites\/5\/2025\/11\/P6230222sw-tuerkis2-300x300.jpg\" alt=\"\" class=\"wp-image-693\" srcset=\"https:\/\/photocentrum-berlin.de\/pk\/fotografie-im-dialog\/wp-content\/uploads\/sites\/5\/2025\/11\/P6230222sw-tuerkis2-300x300.jpg 300w, https:\/\/photocentrum-berlin.de\/pk\/fotografie-im-dialog\/wp-content\/uploads\/sites\/5\/2025\/11\/P6230222sw-tuerkis2-150x150.jpg 150w, https:\/\/photocentrum-berlin.de\/pk\/fotografie-im-dialog\/wp-content\/uploads\/sites\/5\/2025\/11\/P6230222sw-tuerkis2-768x765.jpg 768w, https:\/\/photocentrum-berlin.de\/pk\/fotografie-im-dialog\/wp-content\/uploads\/sites\/5\/2025\/11\/P6230222sw-tuerkis2.jpg 1024w\" sizes=\"auto, (max-width: 300px) 100vw, 300px\" \/><\/a><\/figure>\n\n\n\n<figure class=\"wp-block-image size-large\"><a href=\"https:\/\/photocentrum-berlin.de\/pk\/fotografie-im-dialog\/wp-content\/uploads\/sites\/5\/2025\/11\/afischer_Vertigo2-scaled.jpg\"><img loading=\"lazy\" decoding=\"async\" width=\"678\" height=\"1024\" data-id=\"473\" src=\"https:\/\/photocentrum-berlin.de\/pk\/fotografie-im-dialog\/wp-content\/uploads\/sites\/5\/2025\/11\/afischer_Vertigo2-678x1024.jpg\" alt=\"\" class=\"wp-image-473\" srcset=\"https:\/\/photocentrum-berlin.de\/pk\/fotografie-im-dialog\/wp-content\/uploads\/sites\/5\/2025\/11\/afischer_Vertigo2-678x1024.jpg 678w, https:\/\/photocentrum-berlin.de\/pk\/fotografie-im-dialog\/wp-content\/uploads\/sites\/5\/2025\/11\/afischer_Vertigo2-199x300.jpg 199w, https:\/\/photocentrum-berlin.de\/pk\/fotografie-im-dialog\/wp-content\/uploads\/sites\/5\/2025\/11\/afischer_Vertigo2-768x1160.jpg 768w, https:\/\/photocentrum-berlin.de\/pk\/fotografie-im-dialog\/wp-content\/uploads\/sites\/5\/2025\/11\/afischer_Vertigo2-1017x1536.jpg 1017w, https:\/\/photocentrum-berlin.de\/pk\/fotografie-im-dialog\/wp-content\/uploads\/sites\/5\/2025\/11\/afischer_Vertigo2-1356x2048.jpg 1356w, https:\/\/photocentrum-berlin.de\/pk\/fotografie-im-dialog\/wp-content\/uploads\/sites\/5\/2025\/11\/afischer_Vertigo2-scaled.jpg 1696w\" sizes=\"auto, (max-width: 678px) 100vw, 678px\" \/><\/a><\/figure>\n<\/figure>\n\n\n\n<p><\/p>\n\n\n\n<p>Vertigo (<em>medizinisch<\/em>): Taumel bzw. das Gef\u00fchl, sich nicht sicher im Raum bewegen zu k\u00f6nnen. Ausgel\u00f6st wird dieser Drehschwindel etwa durch eine St\u00f6rung des Gleichgewichtsempfindens (im Ohr) \u2013 das Auge sieht dabei klar, aber der K\u00f6rper kann die Informationen nicht umsetzen. Akute Abhilfe bietet etwa das Epley-Man\u00f6ver, eine ruckartige Drehbewegung des Kopfes.<\/p>\n\n\n\n<p>Vertigo-Effekt (<em>filmtechnisch<\/em>): Dolly-Zoom. Visuelle Illusion, erzeugt durch die gegenl\u00e4ufige Anpassung von Bewegung, Bildsch\u00e4rfe und -ausschnitt w\u00e4hrend einer Kamerafahrt, u.a. in Filmen von A. Hitchcock. Vertigo ist der pl\u00f6tzliche Kontrollverlust, w\u00e4hrend alles um einen herum weitergeht. Diese Fotoarbeit ist ein Versuch, dieses Gef\u00fchl visuell erfahrbar zu machen.<\/p>\n\n\n\n<p><strong>astrid fischer<\/strong>, fotografiert am liebsten Oberfl\u00e4chen, Strukturen oder Menschen, die sie mag &#8211; im Rahmen dieser Fotoarbeit erstmals auch sich selbst. Kontakt: <a href=\"https:\/\/de.linkedin.com\/in\/astrid-fischer-berlin?trk=people-guest_people_search-card&amp;original_referer=https%3A%2F%2Fwww.linkedin.com%2F\" data-type=\"link\" data-id=\"https:\/\/de.linkedin.com\/in\/astrid-fischer-berlin?trk=people-guest_people_search-card&amp;original_referer=https%3A%2F%2Fwww.linkedin.com%2F\">astrid-fischer-berlin<\/a><\/p>\n\n\n\n<p><\/p>\n","protected":false},"excerpt":{"rendered":"<p>Vertigo Eine Auseinandersetzung zwischen Bewegung, Fokus und Halt &#8211; dem Wechselspiel zwischen eigener Wahrnehmung und Umwelt &#8211; ein Dialog zwischen Bewegung, Raum und Bild. Vertigo (medizinisch): Taumel bzw. das Gef\u00fchl, sich nicht sicher im Raum bewegen zu k\u00f6nnen. Ausgel\u00f6st wird dieser Drehschwindel etwa durch eine St\u00f6rung des Gleichgewichtsempfindens (im Ohr) \u2013 das Auge sieht dabei &#8230; <a title=\"Astrid Fischer\" class=\"read-more\" href=\"https:\/\/photocentrum-berlin.de\/pk\/fotografie-im-dialog\/teilnehmende\/astrid-fischer\/\" aria-label=\"Mehr Informationen \u00fcber Astrid Fischer\">Weiterlesen<\/a><\/p>\n","protected":false},"author":5,"featured_media":0,"parent":44,"menu_order":0,"comment_status":"closed","ping_status":"closed","template":"","meta":{"footnotes":""},"class_list":["post-470","page","type-page","status-publish"],"_links":{"self":[{"href":"https:\/\/photocentrum-berlin.de\/pk\/fotografie-im-dialog\/wp-json\/wp\/v2\/pages\/470","targetHints":{"allow":["GET"]}}],"collection":[{"href":"https:\/\/photocentrum-berlin.de\/pk\/fotografie-im-dialog\/wp-json\/wp\/v2\/pages"}],"about":[{"href":"https:\/\/photocentrum-berlin.de\/pk\/fotografie-im-dialog\/wp-json\/wp\/v2\/types\/page"}],"author":[{"embeddable":true,"href":"https:\/\/photocentrum-berlin.de\/pk\/fotografie-im-dialog\/wp-json\/wp\/v2\/users\/5"}],"replies":[{"embeddable":true,"href":"https:\/\/photocentrum-berlin.de\/pk\/fotografie-im-dialog\/wp-json\/wp\/v2\/comments?post=470"}],"version-history":[{"count":32,"href":"https:\/\/photocentrum-berlin.de\/pk\/fotografie-im-dialog\/wp-json\/wp\/v2\/pages\/470\/revisions"}],"predecessor-version":[{"id":1253,"href":"https:\/\/photocentrum-berlin.de\/pk\/fotografie-im-dialog\/wp-json\/wp\/v2\/pages\/470\/revisions\/1253"}],"up":[{"embeddable":true,"href":"https:\/\/photocentrum-berlin.de\/pk\/fotografie-im-dialog\/wp-json\/wp\/v2\/pages\/44"}],"wp:attachment":[{"href":"https:\/\/photocentrum-berlin.de\/pk\/fotografie-im-dialog\/wp-json\/wp\/v2\/media?parent=470"}],"curies":[{"name":"wp","href":"https:\/\/api.w.org\/{rel}","templated":true}]}}