{"id":521,"date":"2025-11-04T21:40:27","date_gmt":"2025-11-04T20:40:27","guid":{"rendered":"https:\/\/photocentrum-berlin.de\/pk\/fotografie-im-dialog\/?page_id=521"},"modified":"2025-11-18T12:58:47","modified_gmt":"2025-11-18T11:58:47","slug":"klaus-maurer","status":"publish","type":"page","link":"https:\/\/photocentrum-berlin.de\/pk\/fotografie-im-dialog\/teilnehmende\/klaus-maurer\/","title":{"rendered":"Klaus Maurer"},"content":{"rendered":"\n<h2 class=\"wp-block-heading\">Human Nature<\/h2>\n\n\n\n<p>In der Serie <em>Human Nature<\/em> begegnen sich zwei Bildwelten: die von der Natur geschaffene und die vom Menschen gestaltete. In pr\u00e4zisen Paarungen entstehen stille Dialoge zwischen organischen Formen und technischen Strukturen.<\/p>\n\n\n\n<figure class=\"wp-block-gallery has-nested-images columns-default is-cropped wp-block-gallery-1 is-layout-flex wp-block-gallery-is-layout-flex\">\n<figure class=\"wp-block-image size-large\"><img loading=\"lazy\" decoding=\"async\" width=\"1024\" height=\"768\" data-id=\"652\" src=\"https:\/\/photocentrum-berlin.de\/pk\/fotografie-im-dialog\/wp-content\/uploads\/sites\/5\/2025\/11\/KlausMaurer_HumanNature_1A-web-2.jpg\" alt=\"\" class=\"wp-image-652\" srcset=\"https:\/\/photocentrum-berlin.de\/pk\/fotografie-im-dialog\/wp-content\/uploads\/sites\/5\/2025\/11\/KlausMaurer_HumanNature_1A-web-2.jpg 1024w, https:\/\/photocentrum-berlin.de\/pk\/fotografie-im-dialog\/wp-content\/uploads\/sites\/5\/2025\/11\/KlausMaurer_HumanNature_1A-web-2-300x225.jpg 300w, https:\/\/photocentrum-berlin.de\/pk\/fotografie-im-dialog\/wp-content\/uploads\/sites\/5\/2025\/11\/KlausMaurer_HumanNature_1A-web-2-768x576.jpg 768w\" sizes=\"auto, (max-width: 1024px) 100vw, 1024px\" \/><\/figure>\n\n\n\n<figure class=\"wp-block-image size-large\"><img loading=\"lazy\" decoding=\"async\" width=\"1024\" height=\"768\" data-id=\"654\" src=\"https:\/\/photocentrum-berlin.de\/pk\/fotografie-im-dialog\/wp-content\/uploads\/sites\/5\/2025\/11\/KlausMaurer_HumanNature_1B-web-2.jpg\" alt=\"\" class=\"wp-image-654\" srcset=\"https:\/\/photocentrum-berlin.de\/pk\/fotografie-im-dialog\/wp-content\/uploads\/sites\/5\/2025\/11\/KlausMaurer_HumanNature_1B-web-2.jpg 1024w, https:\/\/photocentrum-berlin.de\/pk\/fotografie-im-dialog\/wp-content\/uploads\/sites\/5\/2025\/11\/KlausMaurer_HumanNature_1B-web-2-300x225.jpg 300w, https:\/\/photocentrum-berlin.de\/pk\/fotografie-im-dialog\/wp-content\/uploads\/sites\/5\/2025\/11\/KlausMaurer_HumanNature_1B-web-2-768x576.jpg 768w\" sizes=\"auto, (max-width: 1024px) 100vw, 1024px\" \/><\/figure>\n<\/figure>\n\n\n\n<p><br>Die Naturbilder zeigen Bewegung, Wandel und Verg\u00e4nglichkeit \u2013 Linien von Bl\u00e4ttern, Lichtreflexe, Texturen von Wasser, Erde und Himmel. Ihnen gegen\u00fcber stehen urbane Oberfl\u00e4chen, geometrische Raster, Glas, Metall und Beton \u2013 Spuren menschlicher Ordnung und Gestaltung.<br>Durch die Gegen\u00fcberstellung \u00f6ffnet sich ein Raum der Betrachtung: Wo endet das Nat\u00fcrliche, wo beginnt das vom Menschen Geschaffene? In der formalen \u00c4hnlichkeit und im Kontrast der Motive wird sichtbar, dass beide Sph\u00e4ren miteinander verwoben sind \u2013 Ausdruck einer gemeinsamen, visuellen Sprache von Struktur, Rhythmus und Wandel.<\/p>\n\n\n\n<figure class=\"wp-block-gallery has-nested-images columns-default is-cropped wp-block-gallery-2 is-layout-flex wp-block-gallery-is-layout-flex\">\n<figure class=\"wp-block-image size-large\"><img loading=\"lazy\" decoding=\"async\" width=\"1024\" height=\"768\" data-id=\"653\" src=\"https:\/\/photocentrum-berlin.de\/pk\/fotografie-im-dialog\/wp-content\/uploads\/sites\/5\/2025\/11\/KlausMaurer_HumanNature_2A-web-2.jpg\" alt=\"\" class=\"wp-image-653\" srcset=\"https:\/\/photocentrum-berlin.de\/pk\/fotografie-im-dialog\/wp-content\/uploads\/sites\/5\/2025\/11\/KlausMaurer_HumanNature_2A-web-2.jpg 1024w, https:\/\/photocentrum-berlin.de\/pk\/fotografie-im-dialog\/wp-content\/uploads\/sites\/5\/2025\/11\/KlausMaurer_HumanNature_2A-web-2-300x225.jpg 300w, https:\/\/photocentrum-berlin.de\/pk\/fotografie-im-dialog\/wp-content\/uploads\/sites\/5\/2025\/11\/KlausMaurer_HumanNature_2A-web-2-768x576.jpg 768w\" sizes=\"auto, (max-width: 1024px) 100vw, 1024px\" \/><\/figure>\n\n\n\n<figure class=\"wp-block-image size-large\"><img loading=\"lazy\" decoding=\"async\" width=\"1024\" height=\"768\" data-id=\"655\" src=\"https:\/\/photocentrum-berlin.de\/pk\/fotografie-im-dialog\/wp-content\/uploads\/sites\/5\/2025\/11\/KlausMaurer_HumanNature_2B-web-1.jpg\" alt=\"\" class=\"wp-image-655\" srcset=\"https:\/\/photocentrum-berlin.de\/pk\/fotografie-im-dialog\/wp-content\/uploads\/sites\/5\/2025\/11\/KlausMaurer_HumanNature_2B-web-1.jpg 1024w, https:\/\/photocentrum-berlin.de\/pk\/fotografie-im-dialog\/wp-content\/uploads\/sites\/5\/2025\/11\/KlausMaurer_HumanNature_2B-web-1-300x225.jpg 300w, https:\/\/photocentrum-berlin.de\/pk\/fotografie-im-dialog\/wp-content\/uploads\/sites\/5\/2025\/11\/KlausMaurer_HumanNature_2B-web-1-768x576.jpg 768w\" sizes=\"auto, (max-width: 1024px) 100vw, 1024px\" \/><\/figure>\n<\/figure>\n\n\n\n<p><\/p>\n\n\n\n<p><strong>Klaus Maurer<\/strong>, lebt und arbeitet in Berlin. Mit dreizehn Jahren erhielt er seine erste Spiegelreflexkamera \u2013 der Beginn einer Leidenschaft f\u00fcr die Fotografie. Seine T\u00e4tigkeit in der internationalen Entwicklungszusammenarbeit f\u00fchrte ihn in \u00fcber sechzig L\u00e4nder. Die Erfahrungen aus unterschiedlichen Kulturen, Landschaften und Lebensrealit\u00e4ten pr\u00e4gen bis heute seinen fotografischen Blick. Seine Arbeiten suchen nicht das Spektakul\u00e4re, sondern das Besondere im Allt\u00e4glichen. Sie richten den Blick auf Details \u2013 auf das Unsichtbare im Sichtbaren.<\/p>\n\n\n\n<p><a href=\"http:\/\/www.klausmaurer.com\/\">www.klausmaurer.com<\/a><\/p>\n\n\n\n<p><\/p>\n","protected":false},"excerpt":{"rendered":"<p>Human Nature In der Serie Human Nature begegnen sich zwei Bildwelten: die von der Natur geschaffene und die vom Menschen gestaltete. In pr\u00e4zisen Paarungen entstehen stille Dialoge zwischen organischen Formen und technischen Strukturen. Die Naturbilder zeigen Bewegung, Wandel und Verg\u00e4nglichkeit \u2013 Linien von Bl\u00e4ttern, Lichtreflexe, Texturen von Wasser, Erde und Himmel. Ihnen gegen\u00fcber stehen urbane &#8230; <a title=\"Klaus Maurer\" class=\"read-more\" href=\"https:\/\/photocentrum-berlin.de\/pk\/fotografie-im-dialog\/teilnehmende\/klaus-maurer\/\" aria-label=\"Mehr Informationen \u00fcber Klaus Maurer\">Weiterlesen<\/a><\/p>\n","protected":false},"author":5,"featured_media":0,"parent":44,"menu_order":0,"comment_status":"closed","ping_status":"closed","template":"","meta":{"footnotes":""},"class_list":["post-521","page","type-page","status-publish"],"_links":{"self":[{"href":"https:\/\/photocentrum-berlin.de\/pk\/fotografie-im-dialog\/wp-json\/wp\/v2\/pages\/521","targetHints":{"allow":["GET"]}}],"collection":[{"href":"https:\/\/photocentrum-berlin.de\/pk\/fotografie-im-dialog\/wp-json\/wp\/v2\/pages"}],"about":[{"href":"https:\/\/photocentrum-berlin.de\/pk\/fotografie-im-dialog\/wp-json\/wp\/v2\/types\/page"}],"author":[{"embeddable":true,"href":"https:\/\/photocentrum-berlin.de\/pk\/fotografie-im-dialog\/wp-json\/wp\/v2\/users\/5"}],"replies":[{"embeddable":true,"href":"https:\/\/photocentrum-berlin.de\/pk\/fotografie-im-dialog\/wp-json\/wp\/v2\/comments?post=521"}],"version-history":[{"count":16,"href":"https:\/\/photocentrum-berlin.de\/pk\/fotografie-im-dialog\/wp-json\/wp\/v2\/pages\/521\/revisions"}],"predecessor-version":[{"id":914,"href":"https:\/\/photocentrum-berlin.de\/pk\/fotografie-im-dialog\/wp-json\/wp\/v2\/pages\/521\/revisions\/914"}],"up":[{"embeddable":true,"href":"https:\/\/photocentrum-berlin.de\/pk\/fotografie-im-dialog\/wp-json\/wp\/v2\/pages\/44"}],"wp:attachment":[{"href":"https:\/\/photocentrum-berlin.de\/pk\/fotografie-im-dialog\/wp-json\/wp\/v2\/media?parent=521"}],"curies":[{"name":"wp","href":"https:\/\/api.w.org\/{rel}","templated":true}]}}