{"id":1374,"date":"2025-12-16T23:11:07","date_gmt":"2025-12-16T22:11:07","guid":{"rendered":"https:\/\/photocentrum-berlin.de\/pk\/unterdemselbenhimmel\/?page_id=1374"},"modified":"2026-02-05T19:49:50","modified_gmt":"2026-02-05T18:49:50","slug":"selma-maglic","status":"publish","type":"page","link":"https:\/\/photocentrum-berlin.de\/pk\/unterdemselbenhimmel\/fotografinnen\/selma-maglic\/","title":{"rendered":"Selma Magli\u0107"},"content":{"rendered":"\n<p>Selma Magli\u0107 ist Fotografin und Medienp\u00e4dagogin aus Berlin. In ihrer Arbeit besch\u00e4ftigt sie sich mit der Erinnerung an Bosnien und Herzegowina \u2013 besonders mit dem Genozid an den Bosniak*innen. Fotografie ist f\u00fcr sie Mittel der Aufarbeitung und des Erz\u00e4hlens. Seit 2024 arbeitet sie an einem Fotoprojekt, das pers\u00f6nliche Perspektiven mit Recherche verbindet. Bilder daraus erschienen 2024 im <em>DOCU<\/em> <em>Magazine<\/em> und 2025 bei <em>48h Neuk\u00f6lln<\/em>.<\/p>\n\n\n\n<p><a href=\"https:\/\/www.instagram.com\/the_wandering_ninja\/\" data-type=\"link\" data-id=\"https:\/\/www.instagram.com\/the_wandering_ninja\/\">@the_wandering_ninja<\/a><\/p>\n\n\n\n<h2 class=\"wp-block-heading\">Selma Magli\u0107<\/h2>\n\n\n\n<p>is a photographer and media educator based in Berlin. Her work focuses on the memory of Bosnia and Herzegovina &#8211; particularly on the genocide against Bosniaks. For her, photography is a means of processing and storytelling. Since 2024, she has been working on a photographic project that combines personal perspectives with research. Images from this project were published in DOCU Magazine in 2024 and shown at 48h Neuk\u00f6lln in 2025.<br><br><a href=\"https:\/\/www.instagram.com\/the_wandering_ninja\/\" data-type=\"link\" data-id=\"https:\/\/www.instagram.com\/the_wandering_ninja\/\">@the_wandering_ninja<\/a><\/p>\n\n\n\n<p><\/p>\n","protected":false},"excerpt":{"rendered":"<p>Selma Magli\u0107 ist Fotografin und Medienp\u00e4dagogin aus Berlin. In ihrer Arbeit besch\u00e4ftigt sie sich mit der Erinnerung an Bosnien und Herzegowina \u2013 besonders mit dem Genozid an den Bosniak*innen. Fotografie ist f\u00fcr sie Mittel der Aufarbeitung und des Erz\u00e4hlens. Seit 2024 arbeitet sie an einem Fotoprojekt, das pers\u00f6nliche Perspektiven mit Recherche verbindet. Bilder daraus erschienen &#8230; <a title=\"Selma Magli\u0107\" class=\"read-more\" href=\"https:\/\/photocentrum-berlin.de\/pk\/unterdemselbenhimmel\/fotografinnen\/selma-maglic\/\" aria-label=\"Mehr Informationen \u00fcber Selma Magli\u0107\">Weiterlesen<\/a><\/p>\n","protected":false},"author":6,"featured_media":0,"parent":44,"menu_order":0,"comment_status":"closed","ping_status":"closed","template":"","meta":{"footnotes":""},"class_list":["post-1374","page","type-page","status-publish"],"_links":{"self":[{"href":"https:\/\/photocentrum-berlin.de\/pk\/unterdemselbenhimmel\/wp-json\/wp\/v2\/pages\/1374","targetHints":{"allow":["GET"]}}],"collection":[{"href":"https:\/\/photocentrum-berlin.de\/pk\/unterdemselbenhimmel\/wp-json\/wp\/v2\/pages"}],"about":[{"href":"https:\/\/photocentrum-berlin.de\/pk\/unterdemselbenhimmel\/wp-json\/wp\/v2\/types\/page"}],"author":[{"embeddable":true,"href":"https:\/\/photocentrum-berlin.de\/pk\/unterdemselbenhimmel\/wp-json\/wp\/v2\/users\/6"}],"replies":[{"embeddable":true,"href":"https:\/\/photocentrum-berlin.de\/pk\/unterdemselbenhimmel\/wp-json\/wp\/v2\/comments?post=1374"}],"version-history":[{"count":2,"href":"https:\/\/photocentrum-berlin.de\/pk\/unterdemselbenhimmel\/wp-json\/wp\/v2\/pages\/1374\/revisions"}],"predecessor-version":[{"id":1552,"href":"https:\/\/photocentrum-berlin.de\/pk\/unterdemselbenhimmel\/wp-json\/wp\/v2\/pages\/1374\/revisions\/1552"}],"up":[{"embeddable":true,"href":"https:\/\/photocentrum-berlin.de\/pk\/unterdemselbenhimmel\/wp-json\/wp\/v2\/pages\/44"}],"wp:attachment":[{"href":"https:\/\/photocentrum-berlin.de\/pk\/unterdemselbenhimmel\/wp-json\/wp\/v2\/media?parent=1374"}],"curies":[{"name":"wp","href":"https:\/\/api.w.org\/{rel}","templated":true}]}}