{"id":1378,"date":"2025-12-16T23:12:12","date_gmt":"2025-12-16T22:12:12","guid":{"rendered":"https:\/\/photocentrum-berlin.de\/pk\/unterdemselbenhimmel\/?page_id=1378"},"modified":"2026-02-05T19:39:31","modified_gmt":"2026-02-05T18:39:31","slug":"david-schmidt","status":"publish","type":"page","link":"https:\/\/photocentrum-berlin.de\/pk\/unterdemselbenhimmel\/fotografinnen\/david-schmidt\/","title":{"rendered":"David Schmidt"},"content":{"rendered":"\n<p>Geboren in Hessen, lebt und arbeitet seit 2012 in Berlin. Studium der Mathematik und Soziologie. Neben seinem Job in der Techbranche arbeitet er als Journalist mit Ver\u00f6ffentlichungen, u.a. im <em>Freitag<\/em>. In seiner Fotografie untersucht er, wie Technologie die Wahrnehmung, Machtverh\u00e4ltnisse und den Alltag beeinflusst. F\u00fcr sein Projekt tauchte er tief in die Abgr\u00fcnde des Transhumanismus und der Silicon-Valley-Ideologie ab.<\/p>\n\n\n\n<p><a href=\"https:\/\/www.instagram.com\/davidqschmidt\/\" data-type=\"link\" data-id=\"https:\/\/www.instagram.com\/davidqschmidt\/\">@davidqschmidt<\/a><\/p>\n\n\n\n<h2 class=\"wp-block-heading\">David Schmidt<\/h2>\n\n\n\n<p>born in Hesse, based in Berlin since 2012. Studied Mathematics and Sociology. Alongside his work in the tech industry, he is active as a journalist, with publications in Freitag. Through his photography, he examines trends at the intersection of technology, power and community. For his project, he delved deeply into the world of transhumanism and Silicon Valley ideology.<\/p>\n\n\n\n<p><br><a href=\"https:\/\/www.instagram.com\/davidqschmidt\/\" data-type=\"link\" data-id=\"https:\/\/www.instagram.com\/davidqschmidt\/\">@davidqschmidt<\/a><\/p>\n\n\n\n<p><\/p>\n","protected":false},"excerpt":{"rendered":"<p>Geboren in Hessen, lebt und arbeitet seit 2012 in Berlin. Studium der Mathematik und Soziologie. Neben seinem Job in der Techbranche arbeitet er als Journalist mit Ver\u00f6ffentlichungen, u.a. im Freitag. In seiner Fotografie untersucht er, wie Technologie die Wahrnehmung, Machtverh\u00e4ltnisse und den Alltag beeinflusst. F\u00fcr sein Projekt tauchte er tief in die Abgr\u00fcnde des Transhumanismus &#8230; <a title=\"David Schmidt\" class=\"read-more\" href=\"https:\/\/photocentrum-berlin.de\/pk\/unterdemselbenhimmel\/fotografinnen\/david-schmidt\/\" aria-label=\"Mehr Informationen \u00fcber David Schmidt\">Weiterlesen<\/a><\/p>\n","protected":false},"author":6,"featured_media":0,"parent":44,"menu_order":0,"comment_status":"closed","ping_status":"closed","template":"","meta":{"footnotes":""},"class_list":["post-1378","page","type-page","status-publish"],"_links":{"self":[{"href":"https:\/\/photocentrum-berlin.de\/pk\/unterdemselbenhimmel\/wp-json\/wp\/v2\/pages\/1378","targetHints":{"allow":["GET"]}}],"collection":[{"href":"https:\/\/photocentrum-berlin.de\/pk\/unterdemselbenhimmel\/wp-json\/wp\/v2\/pages"}],"about":[{"href":"https:\/\/photocentrum-berlin.de\/pk\/unterdemselbenhimmel\/wp-json\/wp\/v2\/types\/page"}],"author":[{"embeddable":true,"href":"https:\/\/photocentrum-berlin.de\/pk\/unterdemselbenhimmel\/wp-json\/wp\/v2\/users\/6"}],"replies":[{"embeddable":true,"href":"https:\/\/photocentrum-berlin.de\/pk\/unterdemselbenhimmel\/wp-json\/wp\/v2\/comments?post=1378"}],"version-history":[{"count":2,"href":"https:\/\/photocentrum-berlin.de\/pk\/unterdemselbenhimmel\/wp-json\/wp\/v2\/pages\/1378\/revisions"}],"predecessor-version":[{"id":1544,"href":"https:\/\/photocentrum-berlin.de\/pk\/unterdemselbenhimmel\/wp-json\/wp\/v2\/pages\/1378\/revisions\/1544"}],"up":[{"embeddable":true,"href":"https:\/\/photocentrum-berlin.de\/pk\/unterdemselbenhimmel\/wp-json\/wp\/v2\/pages\/44"}],"wp:attachment":[{"href":"https:\/\/photocentrum-berlin.de\/pk\/unterdemselbenhimmel\/wp-json\/wp\/v2\/media?parent=1378"}],"curies":[{"name":"wp","href":"https:\/\/api.w.org\/{rel}","templated":true}]}}