{"id":1382,"date":"2025-12-16T23:13:46","date_gmt":"2025-12-16T22:13:46","guid":{"rendered":"https:\/\/photocentrum-berlin.de\/pk\/unterdemselbenhimmel\/?page_id=1382"},"modified":"2026-02-05T19:45:26","modified_gmt":"2026-02-05T18:45:26","slug":"l-a-evans","status":"publish","type":"page","link":"https:\/\/photocentrum-berlin.de\/pk\/unterdemselbenhimmel\/fotografinnen\/l-a-evans\/","title":{"rendered":"L.A. Evans"},"content":{"rendered":"\n<p>schreibt, fotografiert und forscht zu sozialer Gerechtigkeit, queeren und trans Perspektiven. Mit einem Fokus auf<br>dokumentarische und analoge Prozesse lernt Luna Fotografie am Photocentrum Friedrichshain-Kreuzberg und der Ostkreuzschule und studiert au\u00dferdem Philosophie und Politikwissenschaften.<br>Deren Arbeiten erschienen u. a. im Missy Magazine, taz und Siegess\u00e4ule. Deren Zine On Giref; Beginnings erschien 2025 bei Bildband Berlin. Neben dem Ausstellungsprojekt portr\u00e4tierte Luna eine queere j\u00fcdische Person f\u00fcr das Projekt Beyond The Frame der Neuen deutschen Medienmacher*innen. Lunas aktuellstes Projekt befasst sich mit Maskulinit\u00e4ten.<br><br><a href=\"https:\/\/www.evans-la.com\" data-type=\"link\" data-id=\"https:\/\/www.evans-la.com\">www.evans-la.com<\/a> \/ <a href=\"https:\/\/www.instagram.com\/evans_la_\/\" data-type=\"link\" data-id=\"https:\/\/www.instagram.com\/evans_la_\/\">@evans_la_<\/a><\/p>\n\n\n\n<h2 class=\"wp-block-heading\">L.A. Evans<\/h2>\n\n\n\n<p>writes, photographs, and researches social justice, queer, and trans perspectives. With a focus on documentary and analog processes, they study photography at Photocentrum Friedrichshain-Kreuzberg and Ostkreuzschule as well as philosophy. <br>Their work has appeared in Missy Magazine, taz, and Siegess\u00e4ule, among others. Their zine On Grief; Beginnings was published in 2025 by Bildband Berlin. In 2025, they were part of the exhibitions FSL Birthday Exhibition, Wir Existieren und Wir Bleiben und Beyond The Frame (Neue deutschen Medienmacher*innen). Their latest projects deal with masculinities and family archives.<br><br><a href=\"https:\/\/www.evans-la.com\" data-type=\"link\" data-id=\"https:\/\/www.evans-la.com\">www.evans-la.com<\/a> \/ <a href=\"https:\/\/www.instagram.com\/evans_la_\/\" data-type=\"link\" data-id=\"https:\/\/www.instagram.com\/evans_la_\/\">@evans_la_<\/a><\/p>\n\n\n\n<p><\/p>\n","protected":false},"excerpt":{"rendered":"<p>schreibt, fotografiert und forscht zu sozialer Gerechtigkeit, queeren und trans Perspektiven. Mit einem Fokus aufdokumentarische und analoge Prozesse lernt Luna Fotografie am Photocentrum Friedrichshain-Kreuzberg und der Ostkreuzschule und studiert au\u00dferdem Philosophie und Politikwissenschaften.Deren Arbeiten erschienen u. a. im Missy Magazine, taz und Siegess\u00e4ule. Deren Zine On Giref; Beginnings erschien 2025 bei Bildband Berlin. Neben dem &#8230; <a title=\"L.A. Evans\" class=\"read-more\" href=\"https:\/\/photocentrum-berlin.de\/pk\/unterdemselbenhimmel\/fotografinnen\/l-a-evans\/\" aria-label=\"Mehr Informationen \u00fcber L.A. Evans\">Weiterlesen<\/a><\/p>\n","protected":false},"author":6,"featured_media":0,"parent":44,"menu_order":0,"comment_status":"closed","ping_status":"closed","template":"","meta":{"footnotes":""},"class_list":["post-1382","page","type-page","status-publish"],"_links":{"self":[{"href":"https:\/\/photocentrum-berlin.de\/pk\/unterdemselbenhimmel\/wp-json\/wp\/v2\/pages\/1382","targetHints":{"allow":["GET"]}}],"collection":[{"href":"https:\/\/photocentrum-berlin.de\/pk\/unterdemselbenhimmel\/wp-json\/wp\/v2\/pages"}],"about":[{"href":"https:\/\/photocentrum-berlin.de\/pk\/unterdemselbenhimmel\/wp-json\/wp\/v2\/types\/page"}],"author":[{"embeddable":true,"href":"https:\/\/photocentrum-berlin.de\/pk\/unterdemselbenhimmel\/wp-json\/wp\/v2\/users\/6"}],"replies":[{"embeddable":true,"href":"https:\/\/photocentrum-berlin.de\/pk\/unterdemselbenhimmel\/wp-json\/wp\/v2\/comments?post=1382"}],"version-history":[{"count":2,"href":"https:\/\/photocentrum-berlin.de\/pk\/unterdemselbenhimmel\/wp-json\/wp\/v2\/pages\/1382\/revisions"}],"predecessor-version":[{"id":1548,"href":"https:\/\/photocentrum-berlin.de\/pk\/unterdemselbenhimmel\/wp-json\/wp\/v2\/pages\/1382\/revisions\/1548"}],"up":[{"embeddable":true,"href":"https:\/\/photocentrum-berlin.de\/pk\/unterdemselbenhimmel\/wp-json\/wp\/v2\/pages\/44"}],"wp:attachment":[{"href":"https:\/\/photocentrum-berlin.de\/pk\/unterdemselbenhimmel\/wp-json\/wp\/v2\/media?parent=1382"}],"curies":[{"name":"wp","href":"https:\/\/api.w.org\/{rel}","templated":true}]}}