{"id":1403,"date":"2025-12-16T23:52:51","date_gmt":"2025-12-16T22:52:51","guid":{"rendered":"https:\/\/photocentrum-berlin.de\/pk\/unterdemselbenhimmel\/?page_id=1403"},"modified":"2026-02-16T16:35:52","modified_gmt":"2026-02-16T15:35:52","slug":"david-schmidt-seele-einer-neuen-maschine","status":"publish","type":"page","link":"https:\/\/photocentrum-berlin.de\/pk\/unterdemselbenhimmel\/thema\/david-schmidt-seele-einer-neuen-maschine\/","title":{"rendered":"David Schmidt: Seele einer neuen Maschine"},"content":{"rendered":"\n<p>Wie entwickelt sich Religion weiter und welchen Einfluss hat Technologie darauf?<\/p>\n\n\n\n<p>Meine Recherche untersucht, wie digitale Technologien religi\u00f6se Praktiken ver\u00e4ndern. K\u00fcnstliche Intelligenz h\u00e4lt Messen, nimmt Beichten ab oder erzeugt digitale Klone, die den Tod \u00fcberdauern. Gleichzeitig entstehen neue Formen von Spiritualit\u00e4t, wie 2017 die erste KI Religion.<\/p>\n\n\n\n<p>Meine Suche f\u00fchrt mich zum Transhumanismus, dessen zentrales Motiv die Unsterblichkeit des Menschen ist. Entweder biologisch durch&nbsp;<em>Longevity<\/em>&nbsp;und Kryokonservierung oder digital durch den<em>&nbsp;Mind Upload<\/em>, der ein k\u00f6rperloses Bewusstsein verspricht. Der Cyberspace wird zu einem sakralen Raum, in dem Menschen im 21. Jahrhundert nach Sinn und Ewigkeit suchen.<\/p>\n\n\n\n<p>In Berlin begegne ich einer Gruppe, die sich&nbsp;<em>Cyberdelics<\/em>&nbsp;nennt. Ihre Mitglieder verbinden Ideen von Kybernetik und psychedelischen Praktiken. Daf\u00fcr nutzen sie Virtual Reality und immersive Rituale, um ver\u00e4nderte Bewusstseinszust\u00e4nde zu erforschen. Ihre Praxis mischt Mystik, Kunst und Technologie und schafft neue R\u00e4ume f\u00fcr digitale Spiritualit\u00e4t. Sie verstehen sich als humaner Gegenentwurf zur K\u00e4lte des transhumanistischen Fortschrittsglaubens.&nbsp;<\/p>\n\n\n\n<h2 class=\"wp-block-heading\">Soul of a new machine<\/h2>\n\n\n\n<p>by David Schmidt<\/p>\n\n\n\n<p>How is religion evolving and what influence does technology play in this process?<\/p>\n\n\n\n<p>My research examines how digital technologies are transforming religious practices. Artificial intelligence conducts services, hears confessions or creates digital clones that survive death. At the same time, new forms of spirituality are emerging, such as the first AI religion, founded in 2017.<\/p>\n\n\n\n<p>My exploration leads me to transhumanism, whose central motif is human immortality. Either biologically through longevity and cryopreservation, or digitally through mind uploading, which promises a bodyless consciousness. In this way, cyberspace becomes a sacred space where people in the 21st century seek meaning and eternity.<\/p>\n\n\n\n<p>In Berlin, I encounter a group called Cyberdelics. Its members combine ideas from cybernetics and psychedelic practices. To do this, they use virtual reality and immersive rituals to explore altered states of consciousness. Their practice mixes mysticism, art and technology, creating new spaces for digital spirituality. They see themselves as a more humane counterpoint to the coldness of the transhumanist belief in progress.<\/p>\n\n\n\n<p>More on the topic:<\/p>\n\n\n\n<p><strong>Better Humans?<\/strong><br>How Transhumanism shapes technology and what an alternative could look like<\/p>\n\n\n\n<div class=\"wp-block-buttons is-content-justification-left is-layout-flex wp-container-core-buttons-is-layout-fdcfc74e wp-block-buttons-is-layout-flex\">\n<div class=\"wp-block-button\"><a class=\"wp-block-button__link wp-element-button\" href=\"https:\/\/www.phiand.ai\/p\/better-humans\">Read the article<\/a><\/div>\n<\/div>\n","protected":false},"excerpt":{"rendered":"<p>Wie entwickelt sich Religion weiter und welchen Einfluss hat Technologie darauf? Meine Recherche untersucht, wie digitale Technologien religi\u00f6se Praktiken ver\u00e4ndern. K\u00fcnstliche Intelligenz h\u00e4lt Messen, nimmt Beichten ab oder erzeugt digitale Klone, die den Tod \u00fcberdauern. Gleichzeitig entstehen neue Formen von Spiritualit\u00e4t, wie 2017 die erste KI Religion. Meine Suche f\u00fchrt mich zum Transhumanismus, dessen zentrales &#8230; <a title=\"David Schmidt: Seele einer neuen Maschine\" class=\"read-more\" href=\"https:\/\/photocentrum-berlin.de\/pk\/unterdemselbenhimmel\/thema\/david-schmidt-seele-einer-neuen-maschine\/\" aria-label=\"Mehr Informationen \u00fcber David Schmidt: Seele einer neuen Maschine\">Weiterlesen<\/a><\/p>\n","protected":false},"author":6,"featured_media":1404,"parent":1027,"menu_order":0,"comment_status":"closed","ping_status":"closed","template":"","meta":{"footnotes":""},"class_list":["post-1403","page","type-page","status-publish","has-post-thumbnail"],"_links":{"self":[{"href":"https:\/\/photocentrum-berlin.de\/pk\/unterdemselbenhimmel\/wp-json\/wp\/v2\/pages\/1403","targetHints":{"allow":["GET"]}}],"collection":[{"href":"https:\/\/photocentrum-berlin.de\/pk\/unterdemselbenhimmel\/wp-json\/wp\/v2\/pages"}],"about":[{"href":"https:\/\/photocentrum-berlin.de\/pk\/unterdemselbenhimmel\/wp-json\/wp\/v2\/types\/page"}],"author":[{"embeddable":true,"href":"https:\/\/photocentrum-berlin.de\/pk\/unterdemselbenhimmel\/wp-json\/wp\/v2\/users\/6"}],"replies":[{"embeddable":true,"href":"https:\/\/photocentrum-berlin.de\/pk\/unterdemselbenhimmel\/wp-json\/wp\/v2\/comments?post=1403"}],"version-history":[{"count":5,"href":"https:\/\/photocentrum-berlin.de\/pk\/unterdemselbenhimmel\/wp-json\/wp\/v2\/pages\/1403\/revisions"}],"predecessor-version":[{"id":1566,"href":"https:\/\/photocentrum-berlin.de\/pk\/unterdemselbenhimmel\/wp-json\/wp\/v2\/pages\/1403\/revisions\/1566"}],"up":[{"embeddable":true,"href":"https:\/\/photocentrum-berlin.de\/pk\/unterdemselbenhimmel\/wp-json\/wp\/v2\/pages\/1027"}],"wp:featuredmedia":[{"embeddable":true,"href":"https:\/\/photocentrum-berlin.de\/pk\/unterdemselbenhimmel\/wp-json\/wp\/v2\/media\/1404"}],"wp:attachment":[{"href":"https:\/\/photocentrum-berlin.de\/pk\/unterdemselbenhimmel\/wp-json\/wp\/v2\/media?parent=1403"}],"curies":[{"name":"wp","href":"https:\/\/api.w.org\/{rel}","templated":true}]}}